{"id":6,"date":"2021-12-23T22:27:57","date_gmt":"2021-12-23T21:27:57","guid":{"rendered":"http:\/\/protestantsperreux.fr\/?page_id=6"},"modified":"2025-10-12T14:45:16","modified_gmt":"2025-10-12T12:45:16","slug":"le-nouveau-e-mucem-ouvre-ses-portes-2","status":"publish","type":"page","link":"https:\/\/protestantsperreux.fr\/","title":{"rendered":"L&rsquo;Eglise protestante du Perreux-sur-Marne"},"content":{"rendered":"\n<div class=\"wp-block-group alignwide is-layout-flow wp-block-group-is-layout-flow\"><div class=\"wp-block-group__inner-container\">\n<h5 class=\"wp-block-heading alignfull has-text-align-right\"><span style=\"background-color:rgba(0, 0, 0, 0);color:#0d00ff\" class=\"has-inline-color\"><em>4 rue de Chanzy, Le Perreux-sur-Marne, 94170<\/em><\/span><\/h5>\n\n\n\n<figure class=\"wp-block-image alignfull size-large\"><img decoding=\"async\" loading=\"lazy\" width=\"1024\" height=\"658\" src=\"http:\/\/protestantsperreux.fr\/wp-content\/uploads\/2021\/12\/bonjour-nuage-de-mot-dans-differentes-langues-94936148-1024x658.jpg\" alt=\"\" class=\"wp-image-96\" srcset=\"https:\/\/protestantsperreux.fr\/wp-content\/uploads\/2021\/12\/bonjour-nuage-de-mot-dans-differentes-langues-94936148-1024x658.jpg 1024w, https:\/\/protestantsperreux.fr\/wp-content\/uploads\/2021\/12\/bonjour-nuage-de-mot-dans-differentes-langues-94936148-300x193.jpg 300w, https:\/\/protestantsperreux.fr\/wp-content\/uploads\/2021\/12\/bonjour-nuage-de-mot-dans-differentes-langues-94936148-768x494.jpg 768w, https:\/\/protestantsperreux.fr\/wp-content\/uploads\/2021\/12\/bonjour-nuage-de-mot-dans-differentes-langues-94936148-1200x771.jpg 1200w, https:\/\/protestantsperreux.fr\/wp-content\/uploads\/2021\/12\/bonjour-nuage-de-mot-dans-differentes-langues-94936148.jpg 1293w\" sizes=\"(max-width: 1024px) 100vw, 1024px\" \/><figcaption class=\"wp-element-caption\"><span style=\"background-color:rgba(0, 0, 0, 0)\" class=\"has-inline-color has-subtle-background-color\">Web<\/span><\/figcaption><\/figure>\n\n\n\n<h2 class=\"wp-block-heading alignwide has-text-align-center\" style=\"font-size:30px\">Que le Dieu de l&rsquo;esp\u00e9rance vous remplisse de toute joie et de toute paix dans la foi, pour que vous abondiez en esp\u00e9rance, par la puissance du Saint Esprit!<\/h2>\n\n\n\n<p><em>Romains 15:13<\/em><\/p>\n<\/div><\/div>\n\n\n\n<div class=\"wp-block-columns alignwide is-layout-flex wp-container-11 wp-block-columns-is-layout-flex\">\n<div class=\"wp-block-column is-layout-flow wp-block-column-is-layout-flow\">\n<div class=\"wp-block-group is-layout-flow wp-block-group-is-layout-flow\"><div class=\"wp-block-group__inner-container\">\n<h3 class=\"wp-block-heading alignfull\">Pri\u00e8res<\/h3>\n\n\n\n<figure class=\"wp-block-image size-large is-style-default\"><img decoding=\"async\" src=\"https:\/\/sainteannedebonlieu.catholique.fr\/wp-content\/uploads\/2020\/05\/priecc80re_mains.png\" alt=\"\"\/><figcaption class=\"wp-element-caption\"><em><span class=\"has-inline-color has-subtle-background-color\">Publi\u00e9 par&nbsp;Laurence Dami-Houle<\/span><\/em><\/figcaption><\/figure>\n\n\n\n<p>Pri\u00e8res pour vous recueillir et vous rapprocher de Dieu, notre P\u00e8re c\u00e9leste.<\/p>\n\n\n\n<div class=\"wp-block-button is-style-outline\"><a class=\"wp-block-button__link wp-element-button\" href=\"http:\/\/protestantsperreux.fr\/index.php\/2021\/12\/24\/quelques-prieres-pour-vous-ressourcer\/\" target=\"_blank\" rel=\"noreferrer noopener\">Lire la suite<\/a><\/div>\n\n\n\n<div class=\"wp-block-group is-layout-flow wp-block-group-is-layout-flow\"><div class=\"wp-block-group__inner-container\">\n<h3 class=\"wp-block-heading\">Ecole biblique &amp; Cat\u00e9chisme <\/h3>\n\n\n\n<figure class=\"wp-block-image alignfull size-full is-style-rounded\"><img decoding=\"async\" loading=\"lazy\" width=\"278\" height=\"372\" src=\"http:\/\/protestantsperreux.fr\/wp-content\/uploads\/2022\/01\/enfant-edited.png\" alt=\"\" class=\"wp-image-246\" srcset=\"https:\/\/protestantsperreux.fr\/wp-content\/uploads\/2022\/01\/enfant-edited.png 278w, https:\/\/protestantsperreux.fr\/wp-content\/uploads\/2022\/01\/enfant-edited-224x300.png 224w\" sizes=\"(max-width: 278px) 100vw, 278px\" \/><\/figure>\n\n\n\n<p>Pendant le culte (6-10 ans) &amp; apr\u00e8s le culte (11-14 ans)<\/p>\n\n\n\n<div class=\"wp-block-button is-style-outline\"><a class=\"wp-block-button__link wp-element-button\" href=\"http:\/\/protestantsperreux.fr\/index.php\/blog\/\" target=\"_blank\" rel=\"noreferrer noopener\">Lire la suite<\/a><\/div>\n<\/div><\/div>\n<\/div><\/div>\n<\/div>\n\n\n\n<div class=\"wp-block-column is-layout-flow wp-block-column-is-layout-flow\">\n<div class=\"wp-block-group is-layout-flow wp-block-group-is-layout-flow\"><div class=\"wp-block-group__inner-container\">\n<div class=\"wp-block-cover alignfull is-light wp-duotone-unset-5\" style=\"min-height:340px\"><span aria-hidden=\"true\" class=\"wp-block-cover__background has-background-dim\"><\/span><img decoding=\"async\" loading=\"lazy\" width=\"516\" height=\"516\" class=\"wp-block-cover__image-background wp-image-221\" alt=\"\" src=\"http:\/\/protestantsperreux.fr\/wp-content\/uploads\/2022\/01\/Eglise-edited.png\" style=\"object-position:50% 55%\" data-object-fit=\"cover\" data-object-position=\"50% 55%\" srcset=\"https:\/\/protestantsperreux.fr\/wp-content\/uploads\/2022\/01\/Eglise-edited.png 516w, https:\/\/protestantsperreux.fr\/wp-content\/uploads\/2022\/01\/Eglise-edited-300x300.png 300w, https:\/\/protestantsperreux.fr\/wp-content\/uploads\/2022\/01\/Eglise-edited-150x150.png 150w\" sizes=\"(max-width: 516px) 100vw, 516px\" \/><div class=\"wp-block-cover__inner-container is-layout-flow wp-block-cover-is-layout-flow\">\n<p class=\"has-text-align-center has-larger-font-size\"><mark style=\"background-color:rgba(0, 0, 0, 0)\" class=\"has-inline-color has-subtle-background-color\"><strong>Le Culte tous les dimanche \u00e0 10h30.<\/strong><\/mark><\/p>\n<\/div><\/div>\n<\/div><\/div>\n\n\n\n<div class=\"wp-block-group is-layout-flow wp-block-group-is-layout-flow\"><div class=\"wp-block-group__inner-container\">\n<h3 class=\"wp-block-heading\">R\u00e9union de pri\u00e8re<\/h3>\n\n\n\n<figure class=\"wp-block-image alignfull size-large is-style-rounded\"><img decoding=\"async\" src=\"https:\/\/franconvilleadventiste.org\/wp-content\/uploads\/2019\/11\/Pri%C3%A8re-1040x400.jpg\" alt=\"\"\/><figcaption class=\"wp-element-caption\"><em><span class=\"has-inline-color has-subtle-background-color\">image web<\/span><\/em><\/figcaption><\/figure>\n\n\n\n<p>Tous les mardis \u00e0 partir de 13h en pr\u00e9sentiel (appel\u00e9 le pasteur en amont)<\/p>\n\n\n\n<div class=\"wp-block-button is-style-outline\"><a class=\"wp-block-button__link wp-element-button\" href=\"https:\/\/protestantsperreux.fr\/index.php\/blog\/\" target=\"_blank\" rel=\"noreferrer noopener\">Lire la suite<\/a><\/div>\n<\/div><\/div>\n\n\n\n<div class=\"wp-block-group is-layout-flow wp-block-group-is-layout-flow\"><div class=\"wp-block-group__inner-container\">\n<h3 class=\"wp-block-heading\">La louange<\/h3>\n\n\n\n<figure class=\"wp-block-embed is-type-video is-provider-youtube wp-block-embed-youtube wp-embed-aspect-16-9 wp-has-aspect-ratio\"><div class=\"wp-block-embed__wrapper\">\n<iframe loading=\"lazy\" title=\"De gr\u00e2ce en gr\u00e2ce | Hillsong En Fran\u00e7ais\" width=\"580\" height=\"326\" src=\"https:\/\/www.youtube.com\/embed\/OTVmuPq23_Q?feature=oembed\" frameborder=\"0\" allow=\"accelerometer; autoplay; clipboard-write; encrypted-media; gyroscope; picture-in-picture; web-share\" referrerpolicy=\"strict-origin-when-cross-origin\" allowfullscreen><\/iframe>\n<\/div><figcaption class=\"wp-element-caption\">Hillsong en Fran\u00e7ais &#8211; Youtube<\/figcaption><\/figure>\n\n\n\n<p>Les vendredis 1 semaine sur 2 pour louer le Seigneur<\/p>\n\n\n\n<div class=\"wp-block-button is-style-outline\"><a class=\"wp-block-button__link wp-element-button\" href=\"http:\/\/protestantsperreux.fr\/index.php\/2021\/12\/24\/groupe-de-louange\/\" target=\"_blank\" rel=\"noreferrer noopener\">Lire la suite<\/a><\/div>\n<\/div><\/div>\n<\/div>\n<\/div>\n\n\n\n<figure class=\"wp-block-image alignfull size-large\"><img decoding=\"async\" src=\"https:\/\/www.enseignemoi-files.com\/site\/view\/images\/dyn-cache\/bible\/verse\/img\/11\/22\/1419377681_112230_full.jpg\" alt=\"\"\/><\/figure>\n\n\n\n<div class=\"wp-block-group alignfull has-primary-color has-text-color has-background is-layout-flow wp-block-group-is-layout-flow\" style=\"background:linear-gradient(135deg,rgba(179,227,255,0.08) 0%,rgba(255,154,66,0.29) 100%)\"><div class=\"wp-block-group__inner-container\">\n<h2 class=\"wp-block-heading alignfull has-text-align-center has-accent-color has-text-color\">L&rsquo;Eglise protestante Unie De France<\/h2>\n\n\n\n<p>\u00ab\u00a0L\u2019\u00c9glise est ce lieu, ce moment, ce rassemblement, o\u00f9 les classements sociaux de toute nature se dissolvent, o\u00f9 la valeur de la vie n\u2019est plus index\u00e9e \u00e0 nos r\u00e9ussites et nos \u00e9checs.&nbsp;L\u2019\u00c9glise se d\u00e9couvre l\u00e0 o\u00f9 l\u2019on re\u00e7oit du Dieu vivant, en la partageant, cette parole qui dit une confiance.\u00a0\u00bb<br>\u00catre t\u00e9moin de l&rsquo;\u00e9glise aujourd&rsquo;hui :<\/p>\n\n\n\n<pre class=\"wp-block-preformatted\"><a href=\"https:\/\/www.eglise-protestante-unie.fr\/\" target=\"_blank\" rel=\"noreferrer noopener\">https:\/\/www.eglise-protestante-unie.fr\/<\/a><\/pre>\n<\/div><\/div>\n\n\n\n<figure class=\"wp-block-gallery alignwide has-nested-images columns-default is-cropped wp-block-gallery-13 is-layout-flex wp-block-gallery-is-layout-flex\">\n<figure class=\"wp-block-image size-large\"><img decoding=\"async\" loading=\"lazy\" width=\"1024\" height=\"1024\" data-id=\"215\" src=\"https:\/\/protestantsperreux.fr\/wp-content\/uploads\/2022\/01\/1397156745_85394_square-1024x1024.jpg\" alt=\"\" class=\"wp-image-215\" srcset=\"https:\/\/protestantsperreux.fr\/wp-content\/uploads\/2022\/01\/1397156745_85394_square-1024x1024.jpg 1024w, https:\/\/protestantsperreux.fr\/wp-content\/uploads\/2022\/01\/1397156745_85394_square-300x300.jpg 300w, https:\/\/protestantsperreux.fr\/wp-content\/uploads\/2022\/01\/1397156745_85394_square-150x150.jpg 150w, https:\/\/protestantsperreux.fr\/wp-content\/uploads\/2022\/01\/1397156745_85394_square-768x768.jpg 768w, https:\/\/protestantsperreux.fr\/wp-content\/uploads\/2022\/01\/1397156745_85394_square-1200x1200.jpg 1200w, https:\/\/protestantsperreux.fr\/wp-content\/uploads\/2022\/01\/1397156745_85394_square.jpg 1280w\" sizes=\"(max-width: 1024px) 100vw, 1024px\" \/><\/figure>\n\n\n\n<figure class=\"wp-block-image size-large\"><img decoding=\"async\" src=\"https:\/\/www.enseignemoi-files.com\/site\/view\/images\/dyn-cache\/bible\/verse\/img\/26\/1\/1591742200_260111_square.jpg\" alt=\"\"\/><\/figure>\n<\/figure>\n","protected":false},"excerpt":{"rendered":"<p>4 rue de Chanzy, Le Perreux-sur-Marne, 94170 Que le Dieu de l&rsquo;esp\u00e9rance vous remplisse de toute joie et de toute paix dans la foi, pour que vous abondiez en esp\u00e9rance, par la puissance du Saint Esprit! Romains 15:13 Pri\u00e8res Pri\u00e8res pour vous recueillir et vous rapprocher de Dieu, notre P\u00e8re c\u00e9leste. Ecole biblique &amp; Cat\u00e9chisme [&hellip;]<\/p>\n","protected":false},"author":1,"featured_media":0,"parent":0,"menu_order":0,"comment_status":"closed","ping_status":"closed","template":"","meta":{"footnotes":""},"_links":{"self":[{"href":"https:\/\/protestantsperreux.fr\/index.php\/wp-json\/wp\/v2\/pages\/6"}],"collection":[{"href":"https:\/\/protestantsperreux.fr\/index.php\/wp-json\/wp\/v2\/pages"}],"about":[{"href":"https:\/\/protestantsperreux.fr\/index.php\/wp-json\/wp\/v2\/types\/page"}],"author":[{"embeddable":true,"href":"https:\/\/protestantsperreux.fr\/index.php\/wp-json\/wp\/v2\/users\/1"}],"replies":[{"embeddable":true,"href":"https:\/\/protestantsperreux.fr\/index.php\/wp-json\/wp\/v2\/comments?post=6"}],"version-history":[{"count":39,"href":"https:\/\/protestantsperreux.fr\/index.php\/wp-json\/wp\/v2\/pages\/6\/revisions"}],"predecessor-version":[{"id":1643,"href":"https:\/\/protestantsperreux.fr\/index.php\/wp-json\/wp\/v2\/pages\/6\/revisions\/1643"}],"wp:attachment":[{"href":"https:\/\/protestantsperreux.fr\/index.php\/wp-json\/wp\/v2\/media?parent=6"}],"curies":[{"name":"wp","href":"https:\/\/api.w.org\/{rel}","templated":true}]}}