{"id":8,"date":"2021-12-23T22:27:57","date_gmt":"2021-12-23T21:27:57","guid":{"rendered":"http:\/\/protestantsperreux.fr\/?page_id=8"},"modified":"2025-05-26T11:43:30","modified_gmt":"2025-05-26T09:43:30","slug":"contact","status":"publish","type":"page","link":"https:\/\/protestantsperreux.fr\/index.php\/contact\/","title":{"rendered":"Contact"},"content":{"rendered":"\n<p class=\"has-text-align-left has-large-font-size\">Vous pouvez contacter la paroisse par courriel \u00e0 l&rsquo;adresse suivante : <a href=\"mailto:secretaire.acepupse@gmail.com\">secretaire.acepupse@gmail.com<\/a> <\/p>\n\n\n\n<p class=\"has-large-font-size\">Ou le pasteur <strong>Guilhem Riffaut <\/strong>r\u00e9f\u00e9rent au :<br>T\u00e9l\u00e9phone :&nbsp;<a href=\"tel:06 62 27 64 90\">06 62 27 64 90<\/a><br>Email:&nbsp;<a href=\"mailto:guilhem.riffaut@hotmail.fr\">guilhem.riffaut@epudf.org<\/a><\/p>\n\n\n\n<p class=\"has-large-font-size\">\u200b<\/p>\n","protected":false},"excerpt":{"rendered":"<p>Vous pouvez contacter la paroisse par courriel \u00e0 l&rsquo;adresse suivante : secretaire.acepupse@gmail.com Ou le pasteur Guilhem Riffaut r\u00e9f\u00e9rent au :T\u00e9l\u00e9phone :&nbsp;06 62 27 64 90Email:&nbsp;guilhem.riffaut@epudf.org \u200b<\/p>\n","protected":false},"author":1,"featured_media":0,"parent":0,"menu_order":0,"comment_status":"closed","ping_status":"closed","template":"","meta":{"footnotes":""},"_links":{"self":[{"href":"https:\/\/protestantsperreux.fr\/index.php\/wp-json\/wp\/v2\/pages\/8"}],"collection":[{"href":"https:\/\/protestantsperreux.fr\/index.php\/wp-json\/wp\/v2\/pages"}],"about":[{"href":"https:\/\/protestantsperreux.fr\/index.php\/wp-json\/wp\/v2\/types\/page"}],"author":[{"embeddable":true,"href":"https:\/\/protestantsperreux.fr\/index.php\/wp-json\/wp\/v2\/users\/1"}],"replies":[{"embeddable":true,"href":"https:\/\/protestantsperreux.fr\/index.php\/wp-json\/wp\/v2\/comments?post=8"}],"version-history":[{"count":11,"href":"https:\/\/protestantsperreux.fr\/index.php\/wp-json\/wp\/v2\/pages\/8\/revisions"}],"predecessor-version":[{"id":1559,"href":"https:\/\/protestantsperreux.fr\/index.php\/wp-json\/wp\/v2\/pages\/8\/revisions\/1559"}],"wp:attachment":[{"href":"https:\/\/protestantsperreux.fr\/index.php\/wp-json\/wp\/v2\/media?parent=8"}],"curies":[{"name":"wp","href":"https:\/\/api.w.org\/{rel}","templated":true}]}}

<p class="has-text-align-left has-large-font-size">Vous pouvez contacter la paroisse par courriel à l&rsquo;adresse suivante : <a href="mailto:secretaire.acepupse@gmail.com">secretaire.acepupse@gmail.com</a> </p>



<p class="has-large-font-size">Ou le pasteur <strong>Guilhem Riffaut </strong>référent au :<br>Téléphone :&nbsp;<a href="tel:06 62 27 64 90">06 62 27 64 90</a><br>Email:&nbsp;<a href="mailto:guilhem.riffaut@hotmail.fr">guilhem.riffaut@epudf.org</a></p>



<p class="has-large-font-size">​</p>

<p>Vous pouvez contacter la paroisse par courriel à l&rsquo;adresse suivante : secretaire.acepupse@gmail.com Ou le pasteur Guilhem Riffaut référent au :Téléphone :&nbsp;06 62 27 64 90Email:&nbsp;guilhem.riffaut@epudf.org ​</p>
